{"id":650,"date":"2022-01-17T09:35:24","date_gmt":"2022-01-17T09:35:24","guid":{"rendered":"hikrobotics.vn?post_type=product&amp;p=650"},"modified":"2022-01-17T09:35:24","modified_gmt":"2022-01-17T09:35:24","slug":"mv-db1612-05h","status":"publish","type":"product","link":"https:\/\/hikrobotics.vn\/?product=mv-db1612-05h","title":{"rendered":"MV-DB1612-05H"},"content":{"rendered":"<table class=\"table-style\" cellspacing=\"0\" cellpadding=\"0\" data-v-eb8300fa=\"\">\n<tbody>\n<tr data-v-eb8300fa=\"\">\n<td class=\"bod\" rowspan=\"2\" width=\"12%\" data-v-eb8300fa=\"\">M\u00f4 h\u00ecnh<\/td>\n<td class=\"bod\" width=\"16%\" data-v-eb8300fa=\"\">M\u00f4 h\u00ecnh<\/td>\n<td width=\"72%\" data-v-eb8300fa=\"\">MV-DB1612-05H<\/td>\n<\/tr>\n<tr data-v-eb8300fa=\"\">\n<td class=\"bod\" width=\"16%\" data-v-eb8300fa=\"\">Lo\u1ea1i<\/td>\n<td width=\"72%\" data-v-eb8300fa=\"\">M\u00e1y \u1ea3nh \u00e2m thanh n\u1ed5i hai m\u1eaft<\/td>\n<\/tr>\n<tr data-v-eb8300fa=\"\">\n<td class=\"bod\" rowspan=\"9\" width=\"12%\" data-v-eb8300fa=\"\">M\u00e0n bi\u1ec3u di\u1ec5n<\/td>\n<td class=\"bod\" width=\"16%\" data-v-eb8300fa=\"\">Tr\u01b0\u1eddng nh\u00ecn g\u1ea7n<\/td>\n<td width=\"72%\" data-v-eb8300fa=\"\">1100 mm \u00d7 950 mm<\/td>\n<\/tr>\n<tr data-v-eb8300fa=\"\">\n<td class=\"bod\" width=\"16%\" data-v-eb8300fa=\"\">Tr\u01b0\u1eddng nh\u00ecn xa<\/td>\n<td width=\"72%\" data-v-eb8300fa=\"\">2050 mm \u00d7 1750 mm<\/td>\n<\/tr>\n<tr data-v-eb8300fa=\"\">\n<td class=\"bod\" width=\"16%\" data-v-eb8300fa=\"\">Kho\u1ea3ng c\u00e1ch gi\u1ea3i ph\u00f3ng m\u1eb7t b\u1eb1ng<\/td>\n<td width=\"72%\" data-v-eb8300fa=\"\">1000 mm<\/td>\n<\/tr>\n<tr data-v-eb8300fa=\"\">\n<td class=\"bod\" width=\"16%\" data-v-eb8300fa=\"\">Ph\u1ea1m vi \u0111o l\u01b0\u1eddng<\/td>\n<td width=\"72%\" data-v-eb8300fa=\"\">800 mm<\/td>\n<\/tr>\n<tr data-v-eb8300fa=\"\">\n<td class=\"bod\" width=\"16%\" data-v-eb8300fa=\"\">Ph\u1ea1m vi ph\u00e1t hi\u1ec7n th\u1ee9 nguy\u00ean<\/td>\n<td width=\"72%\" data-v-eb8300fa=\"\">100 mm \u00d7 100 mm \u00d7 30 mm \u0111\u1ebfn 800 mm \u00d7 800 mm \u00d7 800 mm<\/td>\n<\/tr>\n<tr data-v-eb8300fa=\"\">\n<td class=\"bod\" width=\"16%\" data-v-eb8300fa=\"\">\u0110\u1ed9 ch\u00ednh x\u00e1c c\u1ee7a ph\u00e1t hi\u1ec7n<\/td>\n<td width=\"72%\" data-v-eb8300fa=\"\">\u00b1 5 mm<\/td>\n<\/tr>\n<tr data-v-eb8300fa=\"\">\n<td class=\"bod\" width=\"16%\" data-v-eb8300fa=\"\">T\u1ed1c \u0111\u1ed9 khung h\u00ecnh qu\u00e9t<\/td>\n<td width=\"72%\" data-v-eb8300fa=\"\">11 fps @depth image, 4 fps @volume data<\/td>\n<\/tr>\n<tr data-v-eb8300fa=\"\">\n<td class=\"bod\" width=\"16%\" data-v-eb8300fa=\"\">Lo\u1ea1i d\u1eef li\u1ec7u<\/td>\n<td width=\"72%\" data-v-eb8300fa=\"\">H\u00ecnh \u1ea3nh th\u00f4, h\u00ecnh \u1ea3nh \u0111\u1ed9 s\u00e2u, d\u1eef li\u1ec7u kh\u1ed1i l\u01b0\u1ee3ng<\/td>\n<\/tr>\n<tr data-v-eb8300fa=\"\">\n<td class=\"bod\" width=\"16%\" data-v-eb8300fa=\"\">L\u1edbp an to\u00e0n laser<\/td>\n<td width=\"72%\" data-v-eb8300fa=\"\">3R<\/td>\n<\/tr>\n<tr data-v-eb8300fa=\"\">\n<td class=\"bod\" rowspan=\"4\" width=\"12%\" data-v-eb8300fa=\"\">T\u00ednh n\u0103ng \u0111i\u1ec7n<\/td>\n<td class=\"bod\" width=\"16%\" data-v-eb8300fa=\"\">Giao di\u1ec7n d\u1eef li\u1ec7u<\/td>\n<td width=\"72%\" data-v-eb8300fa=\"\">GigE<\/td>\n<\/tr>\n<tr data-v-eb8300fa=\"\">\n<td class=\"bod\" width=\"16%\" data-v-eb8300fa=\"\">I \/ O k\u1ef9 thu\u1eadt s\u1ed1<\/td>\n<td width=\"72%\" data-v-eb8300fa=\"\">Giao di\u1ec7n M12 12 ch\u00e2n cung c\u1ea5p ngu\u1ed3n, RS-232 \u00d7 1<\/td>\n<\/tr>\n<tr data-v-eb8300fa=\"\">\n<td class=\"bod\" width=\"16%\" data-v-eb8300fa=\"\">Ngu\u1ed3n c\u1ea5p<\/td>\n<td width=\"72%\" data-v-eb8300fa=\"\">12 VDC<\/td>\n<\/tr>\n<tr data-v-eb8300fa=\"\">\n<td class=\"bod\" width=\"16%\" data-v-eb8300fa=\"\">S\u1ef1 ti\u00eau th\u1ee5 n\u0103ng l\u01b0\u1ee3ng<\/td>\n<td width=\"72%\" data-v-eb8300fa=\"\">Ki\u1ec3u ch\u1eef.\u00a0&lt;10,0 W @ 12VDC<\/td>\n<\/tr>\n<tr data-v-eb8300fa=\"\">\n<td class=\"bod\" rowspan=\"4\" width=\"12%\" data-v-eb8300fa=\"\">C\u01a1 kh\u00ed<\/td>\n<td class=\"bod\" width=\"16%\" data-v-eb8300fa=\"\">K\u00edch th\u01b0\u1edbc<\/td>\n<td width=\"72%\" data-v-eb8300fa=\"\">46 mm \u00d7 181,6 mm \u00d7 58,2 mm (1,8 &#8220;\u00d7 7,1&#8221; \u00d7 2,3 &#8220;)<\/td>\n<\/tr>\n<tr data-v-eb8300fa=\"\">\n<td class=\"bod\" width=\"16%\" data-v-eb8300fa=\"\">Tr\u1ecdng l\u01b0\u1ee3ng<\/td>\n<td width=\"72%\" data-v-eb8300fa=\"\">800 g (1,8 lb.)<\/td>\n<\/tr>\n<tr data-v-eb8300fa=\"\">\n<td class=\"bod\" width=\"16%\" data-v-eb8300fa=\"\">Nhi\u1ec7t \u0111\u1ed9<\/td>\n<td width=\"72%\" data-v-eb8300fa=\"\">Nhi\u1ec7t \u0111\u1ed9 ho\u1ea1t \u0111\u1ed9ng: 0 \u00b0 C \u0111\u1ebfn 45 \u00b0 C (32 \u00b0 F \u0111\u1ebfn 113 \u00b0 F)<br \/>\nNhi\u1ec7t \u0111\u1ed9 b\u1ea3o qu\u1ea3n: -30 \u00b0 C \u0111\u1ebfn 80 \u00b0 C (-22 \u00b0 F \u0111\u1ebfn 176 \u00b0 F)<\/td>\n<\/tr>\n<tr data-v-eb8300fa=\"\">\n<td class=\"bod\" width=\"16%\" data-v-eb8300fa=\"\">\u0110\u1ed9 \u1ea9m<\/td>\n<td width=\"72%\" data-v-eb8300fa=\"\">20% \u0111\u1ebfn 85% RH, kh\u00f4ng ng\u01b0ng t\u1ee5<\/td>\n<\/tr>\n<tr data-v-eb8300fa=\"\">\n<td class=\"bod\" rowspan=\"3\" width=\"12%\" data-v-eb8300fa=\"\">T\u1ed5ng quan<\/td>\n<td class=\"bod\" width=\"16%\" data-v-eb8300fa=\"\">Ph\u1ea7n m\u1ec1m m\u00e1y kh\u00e1ch<\/td>\n<td width=\"72%\" data-v-eb8300fa=\"\">3DMVS, CodePlatform<\/td>\n<\/tr>\n<tr data-v-eb8300fa=\"\">\n<td class=\"bod\" width=\"16%\" data-v-eb8300fa=\"\">H\u1ec7 \u0111i\u1ec1u h\u00e0nh<\/td>\n<td width=\"72%\" data-v-eb8300fa=\"\">Windows 7\/10 32\/64-bit<\/td>\n<\/tr>\n<tr data-v-eb8300fa=\"\">\n<td class=\"bod\" width=\"16%\" data-v-eb8300fa=\"\">Ch\u1ee9ng nh\u1eadn<\/td>\n<td width=\"72%\" data-v-eb8300fa=\"\">CE, FCC, RoHS<\/td>\n<\/tr>\n<\/tbody>\n<\/table>\n","protected":false},"excerpt":{"rendered":"<p><strong>T\u00ednh n\u0103ng ch\u00ednh\u00a0<\/strong><\/p>\n<ul class=\" list-paddingleft-2\">\n<li>H\u1ed7 tr\u1ee3 \u0111\u1ea7u ra h\u00ecnh \u1ea3nh th\u00f4, h\u00ecnh \u1ea3nh \u0111\u1ed9 s\u00e2u ho\u1eb7c d\u1eef li\u1ec7u kh\u1ed1i l\u01b0\u1ee3ng.<\/li>\n<li>\u00c1p d\u1ee5ng thu\u1eadt to\u00e1n \u0111o \u0111\u1ed9 ch\u00ednh x\u00e1c cao \u0111\u01b0\u1ee3c t\u00edch h\u1ee3p s\u1eb5n v\u1edbi sai s\u1ed1 t\u1ed1i thi\u1ec3u.<\/li>\n<li>S\u1eed d\u1ee5ng tia laser c\u1eadn h\u1ed3ng ngo\u1ea1i \u0111\u1ec3 cung c\u1ea5p ph\u1ea1m vi \u0111\u1ed9ng r\u1ed9ng h\u01a1n.<\/li>\n<li>S\u1eed d\u1ee5ng b\u1ed9 l\u1ecdc b\u0103ng t\u1ea7n h\u1eb9p \u0111\u1ec3 ng\u0103n ch\u1eb7n s\u1ef1 giao thoa c\u1ee7a \u00e1nh s\u00e1ng m\u00f4i tr\u01b0\u1eddng.<\/li>\n<li>\u00c1p d\u1ee5ng b\u1ea3o v\u1ec7 ch\u1ed1ng x\u00e2m nh\u1eadp IP 65.<\/li>\n<\/ul>\n<p><strong>M\u1eabu c\u00f3 s\u1eb5n\u00a0<\/strong><\/p>\n<p><span class=\"fontstyle0\">MV-DB1612-05H<\/span><\/p>\n<p><strong>K\u00edch th\u01b0\u1edbc<\/strong><\/p>\n<p><img decoding=\"async\" title=\"1632375810999042091.png\" src=\"https:\/\/www.hikrobotics.com\/en2\/source\/ueditor\/image\/20210923\/1632375810999042091.png\" alt=\"image.png\" \/><\/p>\n<p>* D\u1eef li\u1ec7u \u1edf \u0111\u00e2y c\u00f3 th\u1ec3 thay \u0111\u1ed5i t\u00f9y theo m\u00f4i tr\u01b0\u1eddng, \u0111\u1ed1i t\u01b0\u1ee3ng v\u00e0 c\u00e1c y\u1ebfu t\u1ed1 kh\u00e1c nhau, v\u00e0 HIKROBOT s\u1ebd kh\u00f4ng ch\u1ecbu c\u00e1c h\u1eadu qu\u1ea3 ph\u00e1t sinh t\u1eeb \u0111\u00f3.<\/p>\n","protected":false},"featured_media":645,"comment_status":"open","ping_status":"closed","template":"","meta":[],"product_cat":[63,64,101],"product_tag":[55],"yoast_head":"<!-- This site is optimized with the Yoast SEO plugin v20.1 - https:\/\/yoast.com\/wordpress\/plugins\/seo\/ -->\n<title>MV-DB1612-05H<\/title>\n<meta name=\"robots\" content=\"index, follow, max-snippet:-1, max-image-preview:large, max-video-preview:-1\" \/>\n<link rel=\"canonical\" href=\"https:\/\/hikrobotics.vn\/?product=mv-db1612-05h\" \/>\n<meta property=\"og:locale\" content=\"vi_VN\" \/>\n<meta property=\"og:type\" content=\"article\" \/>\n<meta property=\"og:title\" content=\"MV-DB1612-05H\" \/>\n<meta property=\"og:description\" content=\"T\u00ednh n\u0103ng ch\u00ednh\u00a0  H\u1ed7 tr\u1ee3 \u0111\u1ea7u ra h\u00ecnh \u1ea3nh th\u00f4, h\u00ecnh \u1ea3nh \u0111\u1ed9 s\u00e2u ho\u1eb7c d\u1eef li\u1ec7u kh\u1ed1i l\u01b0\u1ee3ng.  \u00c1p d\u1ee5ng thu\u1eadt to\u00e1n \u0111o \u0111\u1ed9 ch\u00ednh x\u00e1c cao \u0111\u01b0\u1ee3c t\u00edch h\u1ee3p s\u1eb5n v\u1edbi sai s\u1ed1 t\u1ed1i thi\u1ec3u.  S\u1eed d\u1ee5ng tia laser c\u1eadn h\u1ed3ng ngo\u1ea1i \u0111\u1ec3 cung c\u1ea5p ph\u1ea1m vi \u0111\u1ed9ng r\u1ed9ng h\u01a1n.  S\u1eed d\u1ee5ng b\u1ed9 l\u1ecdc b\u0103ng t\u1ea7n h\u1eb9p \u0111\u1ec3 ng\u0103n ch\u1eb7n s\u1ef1 giao thoa c\u1ee7a \u00e1nh s\u00e1ng m\u00f4i tr\u01b0\u1eddng.  \u00c1p d\u1ee5ng b\u1ea3o v\u1ec7 ch\u1ed1ng x\u00e2m nh\u1eadp IP 65. M\u1eabu c\u00f3 s\u1eb5n\u00a0 MV-DB1612-05H K\u00edch th\u01b0\u1edbc  * D\u1eef li\u1ec7u \u1edf \u0111\u00e2y c\u00f3 th\u1ec3 thay \u0111\u1ed5i t\u00f9y theo m\u00f4i tr\u01b0\u1eddng, \u0111\u1ed1i t\u01b0\u1ee3ng v\u00e0 c\u00e1c y\u1ebfu t\u1ed1 kh\u00e1c nhau, v\u00e0 HIKROBOT s\u1ebd kh\u00f4ng ch\u1ecbu c\u00e1c h\u1eadu qu\u1ea3 ph\u00e1t sinh t\u1eeb \u0111\u00f3.\" \/>\n<meta property=\"og:url\" content=\"https:\/\/hikrobotics.vn\/?product=mv-db1612-05h\" \/>\n<meta property=\"og:site_name\" content=\"hikrobotics\" \/>\n<meta property=\"article:publisher\" content=\"https:\/\/www.facebook.com\/hikroboticsvn\" \/>\n<meta property=\"og:image\" content=\"https:\/\/hikrobotics.vn\/wp-content\/uploads\/2022\/01\/20210120081932493.png\" \/>\n\t<meta property=\"og:image:width\" content=\"360\" \/>\n\t<meta property=\"og:image:height\" content=\"360\" \/>\n\t<meta property=\"og:image:type\" content=\"image\/png\" \/>\n<meta name=\"twitter:card\" content=\"summary_large_image\" \/>\n<meta name=\"twitter:label1\" content=\"\u01af\u1edbc t\u00ednh th\u1eddi gian \u0111\u1ecdc\" \/>\n\t<meta name=\"twitter:data1\" content=\"1 ph\u00fat\" \/>\n<script type=\"application\/ld+json\" class=\"yoast-schema-graph\">{\"@context\":\"https:\/\/schema.org\",\"@graph\":[{\"@type\":\"WebPage\",\"@id\":\"https:\/\/hikrobotics.vn\/?product=mv-db1612-05h\",\"url\":\"https:\/\/hikrobotics.vn\/?product=mv-db1612-05h\",\"name\":\"MV-DB1612-05H\",\"isPartOf\":{\"@id\":\"https:\/\/hikrobotics.vn\/#website\"},\"datePublished\":\"2022-01-17T09:35:24+00:00\",\"dateModified\":\"2022-01-17T09:35:24+00:00\",\"breadcrumb\":{\"@id\":\"https:\/\/hikrobotics.vn\/?product=mv-db1612-05h#breadcrumb\"},\"inLanguage\":\"vi\",\"potentialAction\":[{\"@type\":\"ReadAction\",\"target\":[\"https:\/\/hikrobotics.vn\/?product=mv-db1612-05h\"]}]},{\"@type\":\"BreadcrumbList\",\"@id\":\"https:\/\/hikrobotics.vn\/?product=mv-db1612-05h#breadcrumb\",\"itemListElement\":[{\"@type\":\"ListItem\",\"position\":1,\"name\":\"Trang ch\u1ee7\",\"item\":\"https:\/\/hikrobotics.vn\/\"},{\"@type\":\"ListItem\",\"position\":2,\"name\":\"S\u1ea3n ph\u1ea9m\",\"item\":\"https:\/\/hikrobotics.vn\/?post_type=product\"},{\"@type\":\"ListItem\",\"position\":3,\"name\":\"MV-DB1612-05H\"}]},{\"@type\":\"WebSite\",\"@id\":\"https:\/\/hikrobotics.vn\/#website\",\"url\":\"https:\/\/hikrobotics.vn\/\",\"name\":\"hikrobotics\",\"description\":\"S\u1ef1 h\u00e0i l\u00f2ng c\u1ee7a qu\u00fd kh\u00e1ch l\u00e0 th\u00e0nh c\u00f4ng c\u1ee7a ch\u00fang t\u00f4i\",\"publisher\":{\"@id\":\"https:\/\/hikrobotics.vn\/#organization\"},\"potentialAction\":[{\"@type\":\"SearchAction\",\"target\":{\"@type\":\"EntryPoint\",\"urlTemplate\":\"https:\/\/hikrobotics.vn\/?s={search_term_string}\"},\"query-input\":\"required name=search_term_string\"}],\"inLanguage\":\"vi\"},{\"@type\":\"Organization\",\"@id\":\"https:\/\/hikrobotics.vn\/#organization\",\"name\":\"hikrobotics\",\"url\":\"https:\/\/hikrobotics.vn\/\",\"logo\":{\"@type\":\"ImageObject\",\"inLanguage\":\"vi\",\"@id\":\"https:\/\/hikrobotics.vn\/#\/schema\/logo\/image\/\",\"url\":\"http:\/\/hikrobotics.vn\/wp-content\/uploads\/2023\/02\/logo.png\",\"contentUrl\":\"http:\/\/hikrobotics.vn\/wp-content\/uploads\/2023\/02\/logo.png\",\"width\":3366,\"height\":1063,\"caption\":\"hikrobotics\"},\"image\":{\"@id\":\"https:\/\/hikrobotics.vn\/#\/schema\/logo\/image\/\"},\"sameAs\":[\"https:\/\/www.facebook.com\/hikroboticsvn\"]}]}<\/script>\n<!-- \/ Yoast SEO plugin. -->","yoast_head_json":{"title":"MV-DB1612-05H","robots":{"index":"index","follow":"follow","max-snippet":"max-snippet:-1","max-image-preview":"max-image-preview:large","max-video-preview":"max-video-preview:-1"},"canonical":"https:\/\/hikrobotics.vn\/?product=mv-db1612-05h","og_locale":"vi_VN","og_type":"article","og_title":"MV-DB1612-05H","og_description":"T\u00ednh n\u0103ng ch\u00ednh\u00a0  H\u1ed7 tr\u1ee3 \u0111\u1ea7u ra h\u00ecnh \u1ea3nh th\u00f4, h\u00ecnh \u1ea3nh \u0111\u1ed9 s\u00e2u ho\u1eb7c d\u1eef li\u1ec7u kh\u1ed1i l\u01b0\u1ee3ng.  \u00c1p d\u1ee5ng thu\u1eadt to\u00e1n \u0111o \u0111\u1ed9 ch\u00ednh x\u00e1c cao \u0111\u01b0\u1ee3c t\u00edch h\u1ee3p s\u1eb5n v\u1edbi sai s\u1ed1 t\u1ed1i thi\u1ec3u.  S\u1eed d\u1ee5ng tia laser c\u1eadn h\u1ed3ng ngo\u1ea1i \u0111\u1ec3 cung c\u1ea5p ph\u1ea1m vi \u0111\u1ed9ng r\u1ed9ng h\u01a1n.  S\u1eed d\u1ee5ng b\u1ed9 l\u1ecdc b\u0103ng t\u1ea7n h\u1eb9p \u0111\u1ec3 ng\u0103n ch\u1eb7n s\u1ef1 giao thoa c\u1ee7a \u00e1nh s\u00e1ng m\u00f4i tr\u01b0\u1eddng.  \u00c1p d\u1ee5ng b\u1ea3o v\u1ec7 ch\u1ed1ng x\u00e2m nh\u1eadp IP 65. M\u1eabu c\u00f3 s\u1eb5n\u00a0 MV-DB1612-05H K\u00edch th\u01b0\u1edbc  * D\u1eef li\u1ec7u \u1edf \u0111\u00e2y c\u00f3 th\u1ec3 thay \u0111\u1ed5i t\u00f9y theo m\u00f4i tr\u01b0\u1eddng, \u0111\u1ed1i t\u01b0\u1ee3ng v\u00e0 c\u00e1c y\u1ebfu t\u1ed1 kh\u00e1c nhau, v\u00e0 HIKROBOT s\u1ebd kh\u00f4ng ch\u1ecbu c\u00e1c h\u1eadu qu\u1ea3 ph\u00e1t sinh t\u1eeb \u0111\u00f3.","og_url":"https:\/\/hikrobotics.vn\/?product=mv-db1612-05h","og_site_name":"hikrobotics","article_publisher":"https:\/\/www.facebook.com\/hikroboticsvn","og_image":[{"width":360,"height":360,"url":"https:\/\/hikrobotics.vn\/wp-content\/uploads\/2022\/01\/20210120081932493.png","type":"image\/png"}],"twitter_card":"summary_large_image","twitter_misc":{"\u01af\u1edbc t\u00ednh th\u1eddi gian \u0111\u1ecdc":"1 ph\u00fat"},"schema":{"@context":"https:\/\/schema.org","@graph":[{"@type":"WebPage","@id":"https:\/\/hikrobotics.vn\/?product=mv-db1612-05h","url":"https:\/\/hikrobotics.vn\/?product=mv-db1612-05h","name":"MV-DB1612-05H","isPartOf":{"@id":"https:\/\/hikrobotics.vn\/#website"},"datePublished":"2022-01-17T09:35:24+00:00","dateModified":"2022-01-17T09:35:24+00:00","breadcrumb":{"@id":"https:\/\/hikrobotics.vn\/?product=mv-db1612-05h#breadcrumb"},"inLanguage":"vi","potentialAction":[{"@type":"ReadAction","target":["https:\/\/hikrobotics.vn\/?product=mv-db1612-05h"]}]},{"@type":"BreadcrumbList","@id":"https:\/\/hikrobotics.vn\/?product=mv-db1612-05h#breadcrumb","itemListElement":[{"@type":"ListItem","position":1,"name":"Trang ch\u1ee7","item":"https:\/\/hikrobotics.vn\/"},{"@type":"ListItem","position":2,"name":"S\u1ea3n ph\u1ea9m","item":"https:\/\/hikrobotics.vn\/?post_type=product"},{"@type":"ListItem","position":3,"name":"MV-DB1612-05H"}]},{"@type":"WebSite","@id":"https:\/\/hikrobotics.vn\/#website","url":"https:\/\/hikrobotics.vn\/","name":"hikrobotics","description":"S\u1ef1 h\u00e0i l\u00f2ng c\u1ee7a qu\u00fd kh\u00e1ch l\u00e0 th\u00e0nh c\u00f4ng c\u1ee7a ch\u00fang t\u00f4i","publisher":{"@id":"https:\/\/hikrobotics.vn\/#organization"},"potentialAction":[{"@type":"SearchAction","target":{"@type":"EntryPoint","urlTemplate":"https:\/\/hikrobotics.vn\/?s={search_term_string}"},"query-input":"required name=search_term_string"}],"inLanguage":"vi"},{"@type":"Organization","@id":"https:\/\/hikrobotics.vn\/#organization","name":"hikrobotics","url":"https:\/\/hikrobotics.vn\/","logo":{"@type":"ImageObject","inLanguage":"vi","@id":"https:\/\/hikrobotics.vn\/#\/schema\/logo\/image\/","url":"http:\/\/hikrobotics.vn\/wp-content\/uploads\/2023\/02\/logo.png","contentUrl":"http:\/\/hikrobotics.vn\/wp-content\/uploads\/2023\/02\/logo.png","width":3366,"height":1063,"caption":"hikrobotics"},"image":{"@id":"https:\/\/hikrobotics.vn\/#\/schema\/logo\/image\/"},"sameAs":["https:\/\/www.facebook.com\/hikroboticsvn"]}]}},"_links":{"self":[{"href":"https:\/\/hikrobotics.vn\/index.php?rest_route=\/wp\/v2\/product\/650"}],"collection":[{"href":"https:\/\/hikrobotics.vn\/index.php?rest_route=\/wp\/v2\/product"}],"about":[{"href":"https:\/\/hikrobotics.vn\/index.php?rest_route=\/wp\/v2\/types\/product"}],"replies":[{"embeddable":true,"href":"https:\/\/hikrobotics.vn\/index.php?rest_route=%2Fwp%2Fv2%2Fcomments&post=650"}],"wp:featuredmedia":[{"embeddable":true,"href":"https:\/\/hikrobotics.vn\/index.php?rest_route=\/wp\/v2\/media\/645"}],"wp:attachment":[{"href":"https:\/\/hikrobotics.vn\/index.php?rest_route=%2Fwp%2Fv2%2Fmedia&parent=650"}],"wp:term":[{"taxonomy":"product_cat","embeddable":true,"href":"https:\/\/hikrobotics.vn\/index.php?rest_route=%2Fwp%2Fv2%2Fproduct_cat&post=650"},{"taxonomy":"product_tag","embeddable":true,"href":"https:\/\/hikrobotics.vn\/index.php?rest_route=%2Fwp%2Fv2%2Fproduct_tag&post=650"}],"curies":[{"name":"wp","href":"https:\/\/api.w.org\/{rel}","templated":true}]}}